{"id":2600,"date":"2022-07-30T10:08:34","date_gmt":"2022-07-30T10:08:34","guid":{"rendered":"https:\/\/formcare.ch\/shop\/?post_type=product&#038;p=2600"},"modified":"2025-01-27T10:48:09","modified_gmt":"2025-01-27T10:48:09","slug":"edelstahl-thermoflasche-500-ml","status":"publish","type":"product","link":"https:\/\/formcare.ch\/shop\/produkt\/edelstahl-thermoflasche-500-ml\/","title":{"rendered":"Edelstahl-Thermoflasche"},"content":{"rendered":"<p><strong>Edelstahl-Thermoflasche 500 ml oder 750ml<\/strong><\/p>\n<p>Trinkgef\u00e4sse aus Edelstahl &#8211; die halten dicht! Einen besonders hei\u00dfen Trinkgenuss bietet diese bedruckbare Thermoflasche f\u00fcr Sport, Freizeit oder B\u00fcro. Durch die Doppelwandkonstruktion bleibt Heisses lange heiss und Kaltes lange kalt. Wir empfehlen nur Fl\u00fcssigkeiten einzuf\u00fcllen, die keine S\u00e4ure wie z. B. Kohlens\u00e4ure, Fruchts\u00e4ure, Milchs\u00e4ure etc. enthalten.<br \/>\nErstellen Sie ihre individuell gestaltet Thermosflasche bei Formcare GmbH.<\/p>\n<p>Laden Sie daf\u00fcr das Bild hoch, dass Sie bedrucken m\u00f6chten.<\/p>\n<ul>\n<li>Aus 100% rostfreiem Stahl | Fassungsverm\u00f6gen: 500 ml oder 750ml<\/li>\n<li>Nicht f\u00fcr wei\u00dfe Designs und Designelemente geeignet<\/li>\n<li>Nicht geeignet f\u00fcr Sp\u00fclmaschine, K\u00fchltruhe und Mikrowelle<\/li>\n<li>Bitte von Hand sp\u00fclen<\/li>\n<li>Marke: Sublistar\u00ae<\/li>\n<li>Durchmesser ca.: 70 mm<\/li>\n<li>Fassungsverm\u00f6gen: 500 ml &#8211; 750 ml<\/li>\n<li>H\u00f6he: 265 mm<\/li>\n<li>Gewicht ca.: 305 g<\/li>\n<\/ul>\n","protected":false},"excerpt":{"rendered":"<p><strong>Edelstahl-Thermoflasche 500 ml oder 750 ml<\/strong><\/p>\n<p>Trinkgef\u00e4sse aus Edelstahl &#8211; die halten dicht! Einen besonders hei\u00dfen Trinkgenuss bietet diese bedruckbare Thermoflasche f\u00fcr Sport, Freizeit oder B\u00fcro. Durch die Doppelwandkonstruktion bleibt Hei\u00dfes lange hei\u00df und Kaltes lange kalt. Wir empfehlen nur Fl\u00fcssigkeiten einzuf\u00fcllen, die keine S\u00e4ure wie z. B. Kohlens\u00e4ure, Fruchts\u00e4ure, Milchs\u00e4ure etc. enthalten.<\/p>\n","protected":false},"featured_media":2601,"comment_status":"closed","ping_status":"closed","template":"","meta":{"site-sidebar-layout":"default","site-content-layout":"default","ast-site-content-layout":"default","site-content-style":"default","site-sidebar-style":"default","ast-global-header-display":"","ast-banner-title-visibility":"","ast-main-header-display":"","ast-hfb-above-header-display":"","ast-hfb-below-header-display":"","ast-hfb-mobile-header-display":"","site-post-title":"","ast-breadcrumbs-content":"","ast-featured-img":"","footer-sml-layout":"","ast-disable-related-posts":"","theme-transparent-header-meta":"default","adv-header-id-meta":"","stick-header-meta":"","header-above-stick-meta":"","header-main-stick-meta":"","header-below-stick-meta":"","astra-migrate-meta-layouts":"set","ast-page-background-enabled":"default","ast-page-background-meta":{"desktop":{"background-color":"","background-image":"","background-repeat":"repeat","background-position":"center center","background-size":"auto","background-attachment":"scroll","background-type":"","background-media":"","overlay-type":"","overlay-color":"","overlay-opacity":"","overlay-gradient":""},"tablet":{"background-color":"","background-image":"","background-repeat":"repeat","background-position":"center center","background-size":"auto","background-attachment":"scroll","background-type":"","background-media":"","overlay-type":"","overlay-color":"","overlay-opacity":"","overlay-gradient":""},"mobile":{"background-color":"","background-image":"","background-repeat":"repeat","background-position":"center center","background-size":"auto","background-attachment":"scroll","background-type":"","background-media":"","overlay-type":"","overlay-color":"","overlay-opacity":"","overlay-gradient":""}},"ast-content-background-meta":{"desktop":{"background-color":"var(--ast-global-color-5)","background-image":"","background-repeat":"repeat","background-position":"center center","background-size":"auto","background-attachment":"scroll","background-type":"","background-media":"","overlay-type":"","overlay-color":"","overlay-opacity":"","overlay-gradient":""},"tablet":{"background-color":"var(--ast-global-color-5)","background-image":"","background-repeat":"repeat","background-position":"center center","background-size":"auto","background-attachment":"scroll","background-type":"","background-media":"","overlay-type":"","overlay-color":"","overlay-opacity":"","overlay-gradient":""},"mobile":{"background-color":"var(--ast-global-color-5)","background-image":"","background-repeat":"repeat","background-position":"center center","background-size":"auto","background-attachment":"scroll","background-type":"","background-media":"","overlay-type":"","overlay-color":"","overlay-opacity":"","overlay-gradient":""}}},"product_brand":[],"product_cat":[18,55,60,34],"product_tag":[],"class_list":{"0":"post-2600","1":"product","2":"type-product","3":"status-publish","4":"has-post-thumbnail","6":"product_cat-accessories","7":"product_cat-allerlei","8":"product_cat-buero","9":"product_cat-tassen","10":"product_shipping_class-36","11":"desktop-align-left","12":"tablet-align-left","13":"mobile-align-left","14":"ast-product-gallery-layout-vertical","15":"ast-product-gallery-with-no-image","16":"ast-product-single-variable","17":"ast-product-tabs-layout-vertical","18":"ast-qv-on-image","20":"first","21":"instock","22":"shipping-taxable","23":"purchasable","24":"product-type-variable"},"exclude_global_add_ons":false,"addons":[{"name":"Bild hochladen","type":"file_upload","position":0,"required":false,"title_format":"label","default":"","description_enable":true,"description":"Laden Sie bitte das Bild hoch, dass Sie aufdrucken m\u00f6chten.","placeholder_enable":false,"placeholder":"","display":"select","restrictions_type":"any_text","adjust_price":false,"price":"","price_type":"flat_fee","restrictions":false,"min":"0","max":"0","options":[],"id":1675849634},{"name":"Text","type":"custom_text","position":1,"required":false,"title_format":"label","default":"","description_enable":true,"description":"Geben Sie den Text ein, den Sie aufdrucken m\u00f6chten.","placeholder_enable":false,"placeholder":"","display":"select","restrictions_type":"any_text","adjust_price":false,"price":"","price_type":"flat_fee","restrictions":false,"min":"0","max":"0","options":[],"id":1675849635}],"yoast_head":"<!-- This site is optimized with the Yoast SEO plugin v27.4 - https:\/\/yoast.com\/product\/yoast-seo-wordpress\/ -->\n<title>Edelstahl-Thermoflasche - Formcare GmbH - Shop<\/title>\n<meta name=\"description\" content=\"Die Edelstahl-Thermoflasche 500 ml ist individuell bedrucktbar. Senden Sie uns Ihr Wunschbild und wird werden ihren Anforderungen gerecht.\" \/>\n<meta name=\"robots\" content=\"index, follow, max-snippet:-1, max-image-preview:large, max-video-preview:-1\" \/>\n<link rel=\"canonical\" href=\"https:\/\/formcare.ch\/shop\/produkt\/edelstahl-thermoflasche-500-ml\/\" \/>\n<meta property=\"og:locale\" content=\"de_DE\" \/>\n<meta property=\"og:type\" content=\"article\" \/>\n<meta property=\"og:title\" content=\"Edelstahl-Thermoflasche - Formcare GmbH - Shop\" \/>\n<meta property=\"og:description\" content=\"Die Edelstahl-Thermoflasche 500 ml ist individuell bedrucktbar. Senden Sie uns Ihr Wunschbild und wird werden ihren Anforderungen gerecht.\" \/>\n<meta property=\"og:url\" content=\"https:\/\/formcare.ch\/shop\/produkt\/edelstahl-thermoflasche-500-ml\/\" \/>\n<meta property=\"og:site_name\" content=\"Formcare GmbH - Shop\" \/>\n<meta property=\"article:publisher\" content=\"https:\/\/www.facebook.com\/azenhaeusern\/photos\/\" \/>\n<meta property=\"article:modified_time\" content=\"2025-01-27T10:48:09+00:00\" \/>\n<meta property=\"og:image\" content=\"https:\/\/formcare.ch\/shop\/wp-content\/uploads\/2022\/07\/Thermosflasche_Bild.jpg\" \/>\n\t<meta property=\"og:image:width\" content=\"2093\" \/>\n\t<meta property=\"og:image:height\" content=\"1285\" \/>\n\t<meta property=\"og:image:type\" content=\"image\/jpeg\" \/>\n<meta name=\"twitter:card\" content=\"summary_large_image\" \/>\n<meta name=\"twitter:site\" content=\"@formcare\" \/>\n<meta name=\"twitter:label1\" content=\"Gesch\u00e4tzte Lesezeit\" \/>\n\t<meta name=\"twitter:data1\" content=\"1\u00a0Minute\" \/>\n<script type=\"application\/ld+json\" class=\"yoast-schema-graph\">{\"@context\":\"https:\\\/\\\/schema.org\",\"@graph\":[{\"@type\":\"WebPage\",\"@id\":\"https:\\\/\\\/formcare.ch\\\/shop\\\/produkt\\\/edelstahl-thermoflasche-500-ml\\\/\",\"url\":\"https:\\\/\\\/formcare.ch\\\/shop\\\/produkt\\\/edelstahl-thermoflasche-500-ml\\\/\",\"name\":\"Edelstahl-Thermoflasche - Formcare GmbH - Shop\",\"isPartOf\":{\"@id\":\"https:\\\/\\\/formcare.ch\\\/shop\\\/#website\"},\"primaryImageOfPage\":{\"@id\":\"https:\\\/\\\/formcare.ch\\\/shop\\\/produkt\\\/edelstahl-thermoflasche-500-ml\\\/#primaryimage\"},\"image\":{\"@id\":\"https:\\\/\\\/formcare.ch\\\/shop\\\/produkt\\\/edelstahl-thermoflasche-500-ml\\\/#primaryimage\"},\"thumbnailUrl\":\"https:\\\/\\\/formcare.ch\\\/shop\\\/wp-content\\\/uploads\\\/2022\\\/07\\\/Thermosflasche_Bild.jpg\",\"datePublished\":\"2022-07-30T10:08:34+00:00\",\"dateModified\":\"2025-01-27T10:48:09+00:00\",\"description\":\"Die Edelstahl-Thermoflasche 500 ml ist individuell bedrucktbar. Senden Sie uns Ihr Wunschbild und wird werden ihren Anforderungen gerecht.\",\"breadcrumb\":{\"@id\":\"https:\\\/\\\/formcare.ch\\\/shop\\\/produkt\\\/edelstahl-thermoflasche-500-ml\\\/#breadcrumb\"},\"inLanguage\":\"de\",\"potentialAction\":[{\"@type\":\"ReadAction\",\"target\":[\"https:\\\/\\\/formcare.ch\\\/shop\\\/produkt\\\/edelstahl-thermoflasche-500-ml\\\/\"]}]},{\"@type\":\"ImageObject\",\"inLanguage\":\"de\",\"@id\":\"https:\\\/\\\/formcare.ch\\\/shop\\\/produkt\\\/edelstahl-thermoflasche-500-ml\\\/#primaryimage\",\"url\":\"https:\\\/\\\/formcare.ch\\\/shop\\\/wp-content\\\/uploads\\\/2022\\\/07\\\/Thermosflasche_Bild.jpg\",\"contentUrl\":\"https:\\\/\\\/formcare.ch\\\/shop\\\/wp-content\\\/uploads\\\/2022\\\/07\\\/Thermosflasche_Bild.jpg\",\"width\":2093,\"height\":1285,\"caption\":\"Trinkgef\u00e4\u00dfe aus Edelstahl\"},{\"@type\":\"BreadcrumbList\",\"@id\":\"https:\\\/\\\/formcare.ch\\\/shop\\\/produkt\\\/edelstahl-thermoflasche-500-ml\\\/#breadcrumb\",\"itemListElement\":[{\"@type\":\"ListItem\",\"position\":1,\"name\":\"Startseite\",\"item\":\"https:\\\/\\\/formcare.ch\\\/shop\\\/\"},{\"@type\":\"ListItem\",\"position\":2,\"name\":\"Shop\",\"item\":\"https:\\\/\\\/formcare.ch\\\/shop\\\/shop\\\/\"},{\"@type\":\"ListItem\",\"position\":3,\"name\":\"Edelstahl-Thermoflasche 500 ml\"}]},{\"@type\":\"WebSite\",\"@id\":\"https:\\\/\\\/formcare.ch\\\/shop\\\/#website\",\"url\":\"https:\\\/\\\/formcare.ch\\\/shop\\\/\",\"name\":\"Formcare GmbH - Shop\",\"description\":\"Bekleidung\",\"publisher\":{\"@id\":\"https:\\\/\\\/formcare.ch\\\/shop\\\/#organization\"},\"potentialAction\":[{\"@type\":\"SearchAction\",\"target\":{\"@type\":\"EntryPoint\",\"urlTemplate\":\"https:\\\/\\\/formcare.ch\\\/shop\\\/?s={search_term_string}\"},\"query-input\":{\"@type\":\"PropertyValueSpecification\",\"valueRequired\":true,\"valueName\":\"search_term_string\"}}],\"inLanguage\":\"de\"},{\"@type\":\"Organization\",\"@id\":\"https:\\\/\\\/formcare.ch\\\/shop\\\/#organization\",\"name\":\"Formcare GmbH - Shop\",\"url\":\"https:\\\/\\\/formcare.ch\\\/shop\\\/\",\"logo\":{\"@type\":\"ImageObject\",\"inLanguage\":\"de\",\"@id\":\"https:\\\/\\\/formcare.ch\\\/shop\\\/#\\\/schema\\\/logo\\\/image\\\/\",\"url\":\"https:\\\/\\\/formcare.ch\\\/shop\\\/wp-content\\\/uploads\\\/2021\\\/10\\\/formcare_logo_quer.png\",\"contentUrl\":\"https:\\\/\\\/formcare.ch\\\/shop\\\/wp-content\\\/uploads\\\/2021\\\/10\\\/formcare_logo_quer.png\",\"width\":473,\"height\":118,\"caption\":\"Formcare GmbH - Shop\"},\"image\":{\"@id\":\"https:\\\/\\\/formcare.ch\\\/shop\\\/#\\\/schema\\\/logo\\\/image\\\/\"},\"sameAs\":[\"https:\\\/\\\/www.facebook.com\\\/azenhaeusern\\\/photos\\\/\",\"https:\\\/\\\/x.com\\\/formcare\"]}]}<\/script>\n<!-- \/ Yoast SEO plugin. -->","yoast_head_json":{"title":"Edelstahl-Thermoflasche - Formcare GmbH - Shop","description":"Die Edelstahl-Thermoflasche 500 ml ist individuell bedrucktbar. Senden Sie uns Ihr Wunschbild und wird werden ihren Anforderungen gerecht.","robots":{"index":"index","follow":"follow","max-snippet":"max-snippet:-1","max-image-preview":"max-image-preview:large","max-video-preview":"max-video-preview:-1"},"canonical":"https:\/\/formcare.ch\/shop\/produkt\/edelstahl-thermoflasche-500-ml\/","og_locale":"de_DE","og_type":"article","og_title":"Edelstahl-Thermoflasche - Formcare GmbH - Shop","og_description":"Die Edelstahl-Thermoflasche 500 ml ist individuell bedrucktbar. Senden Sie uns Ihr Wunschbild und wird werden ihren Anforderungen gerecht.","og_url":"https:\/\/formcare.ch\/shop\/produkt\/edelstahl-thermoflasche-500-ml\/","og_site_name":"Formcare GmbH - Shop","article_publisher":"https:\/\/www.facebook.com\/azenhaeusern\/photos\/","article_modified_time":"2025-01-27T10:48:09+00:00","og_image":[{"width":2093,"height":1285,"url":"https:\/\/formcare.ch\/shop\/wp-content\/uploads\/2022\/07\/Thermosflasche_Bild.jpg","type":"image\/jpeg"}],"twitter_card":"summary_large_image","twitter_site":"@formcare","twitter_misc":{"Gesch\u00e4tzte Lesezeit":"1\u00a0Minute"},"schema":{"@context":"https:\/\/schema.org","@graph":[{"@type":"WebPage","@id":"https:\/\/formcare.ch\/shop\/produkt\/edelstahl-thermoflasche-500-ml\/","url":"https:\/\/formcare.ch\/shop\/produkt\/edelstahl-thermoflasche-500-ml\/","name":"Edelstahl-Thermoflasche - Formcare GmbH - Shop","isPartOf":{"@id":"https:\/\/formcare.ch\/shop\/#website"},"primaryImageOfPage":{"@id":"https:\/\/formcare.ch\/shop\/produkt\/edelstahl-thermoflasche-500-ml\/#primaryimage"},"image":{"@id":"https:\/\/formcare.ch\/shop\/produkt\/edelstahl-thermoflasche-500-ml\/#primaryimage"},"thumbnailUrl":"https:\/\/formcare.ch\/shop\/wp-content\/uploads\/2022\/07\/Thermosflasche_Bild.jpg","datePublished":"2022-07-30T10:08:34+00:00","dateModified":"2025-01-27T10:48:09+00:00","description":"Die Edelstahl-Thermoflasche 500 ml ist individuell bedrucktbar. Senden Sie uns Ihr Wunschbild und wird werden ihren Anforderungen gerecht.","breadcrumb":{"@id":"https:\/\/formcare.ch\/shop\/produkt\/edelstahl-thermoflasche-500-ml\/#breadcrumb"},"inLanguage":"de","potentialAction":[{"@type":"ReadAction","target":["https:\/\/formcare.ch\/shop\/produkt\/edelstahl-thermoflasche-500-ml\/"]}]},{"@type":"ImageObject","inLanguage":"de","@id":"https:\/\/formcare.ch\/shop\/produkt\/edelstahl-thermoflasche-500-ml\/#primaryimage","url":"https:\/\/formcare.ch\/shop\/wp-content\/uploads\/2022\/07\/Thermosflasche_Bild.jpg","contentUrl":"https:\/\/formcare.ch\/shop\/wp-content\/uploads\/2022\/07\/Thermosflasche_Bild.jpg","width":2093,"height":1285,"caption":"Trinkgef\u00e4\u00dfe aus Edelstahl"},{"@type":"BreadcrumbList","@id":"https:\/\/formcare.ch\/shop\/produkt\/edelstahl-thermoflasche-500-ml\/#breadcrumb","itemListElement":[{"@type":"ListItem","position":1,"name":"Startseite","item":"https:\/\/formcare.ch\/shop\/"},{"@type":"ListItem","position":2,"name":"Shop","item":"https:\/\/formcare.ch\/shop\/shop\/"},{"@type":"ListItem","position":3,"name":"Edelstahl-Thermoflasche 500 ml"}]},{"@type":"WebSite","@id":"https:\/\/formcare.ch\/shop\/#website","url":"https:\/\/formcare.ch\/shop\/","name":"Formcare GmbH - Shop","description":"Bekleidung","publisher":{"@id":"https:\/\/formcare.ch\/shop\/#organization"},"potentialAction":[{"@type":"SearchAction","target":{"@type":"EntryPoint","urlTemplate":"https:\/\/formcare.ch\/shop\/?s={search_term_string}"},"query-input":{"@type":"PropertyValueSpecification","valueRequired":true,"valueName":"search_term_string"}}],"inLanguage":"de"},{"@type":"Organization","@id":"https:\/\/formcare.ch\/shop\/#organization","name":"Formcare GmbH - Shop","url":"https:\/\/formcare.ch\/shop\/","logo":{"@type":"ImageObject","inLanguage":"de","@id":"https:\/\/formcare.ch\/shop\/#\/schema\/logo\/image\/","url":"https:\/\/formcare.ch\/shop\/wp-content\/uploads\/2021\/10\/formcare_logo_quer.png","contentUrl":"https:\/\/formcare.ch\/shop\/wp-content\/uploads\/2021\/10\/formcare_logo_quer.png","width":473,"height":118,"caption":"Formcare GmbH - Shop"},"image":{"@id":"https:\/\/formcare.ch\/shop\/#\/schema\/logo\/image\/"},"sameAs":["https:\/\/www.facebook.com\/azenhaeusern\/photos\/","https:\/\/x.com\/formcare"]}]}},"_links":{"self":[{"href":"https:\/\/formcare.ch\/shop\/wp-json\/wp\/v2\/product\/2600","targetHints":{"allow":["GET"]}}],"collection":[{"href":"https:\/\/formcare.ch\/shop\/wp-json\/wp\/v2\/product"}],"about":[{"href":"https:\/\/formcare.ch\/shop\/wp-json\/wp\/v2\/types\/product"}],"replies":[{"embeddable":true,"href":"https:\/\/formcare.ch\/shop\/wp-json\/wp\/v2\/comments?post=2600"}],"version-history":[{"count":6,"href":"https:\/\/formcare.ch\/shop\/wp-json\/wp\/v2\/product\/2600\/revisions"}],"predecessor-version":[{"id":2739,"href":"https:\/\/formcare.ch\/shop\/wp-json\/wp\/v2\/product\/2600\/revisions\/2739"}],"wp:featuredmedia":[{"embeddable":true,"href":"https:\/\/formcare.ch\/shop\/wp-json\/wp\/v2\/media\/2601"}],"wp:attachment":[{"href":"https:\/\/formcare.ch\/shop\/wp-json\/wp\/v2\/media?parent=2600"}],"wp:term":[{"taxonomy":"product_brand","embeddable":true,"href":"https:\/\/formcare.ch\/shop\/wp-json\/wp\/v2\/product_brand?post=2600"},{"taxonomy":"product_cat","embeddable":true,"href":"https:\/\/formcare.ch\/shop\/wp-json\/wp\/v2\/product_cat?post=2600"},{"taxonomy":"product_tag","embeddable":true,"href":"https:\/\/formcare.ch\/shop\/wp-json\/wp\/v2\/product_tag?post=2600"}],"curies":[{"name":"wp","href":"https:\/\/api.w.org\/{rel}","templated":true}]}}